
Let m(k) = -k**2 + 14. Suppose -3*b - 2 = 7. Let a(n) = n + 3. Let p be a(b). What are the prime factors of m(p)?
2, 7
Suppose 351*i - 344*i - 1820 = 0. List the prime factors of i.
2, 5, 13
Let f(y) = -y**3 - y**2 - 5*y - 62. What are the prime factors of f(-5)?
3, 7
Let s(k) = 4 + 21*k**2 + k**3 - 25*k**2 - 2. Let o be s(5). Suppose -x = -o + 5. What are the prime factors of x?
2, 11
Suppose 6496 = 5*u - x, -4*x - 1294 = -u - 9*x. List the prime factors of u.
3, 433
Suppose 27 = 2*t + 139. Let x be (t - 12/(-4))/(-1). Let u = x - -20. What are the prime factors of u?
73
Let g(y) = -y**2 + 384. List the prime factors of g(0).
2, 3
Suppose 91*g + 366 = 94*g. What are the prime factors of g?
2, 61
Let g(z) = 10*z**3 + z**2 - 3*z + 3. Let h be g(3). List the prime factors of (1 - h/12)/(6/(-32)).
2, 29
Let p(u) = 8 + 16*u + 9 + 2*u**2 + 17. What are the prime factors of p(-10)?
2, 37
Suppose 3*h = h + 8. Suppose -2*a + 4*p = 4, -4*a = h*p - p - 3. Suppose 2*k + 12 = 5*g - a, 0 = -4*g - 3*k + 5. What are the prime factors of g?
2
Let z(r) be the first derivative of -r**3/3 - 3*r**2 + 4*r + 217. Let c = 10 - 15. List the prime factors of z(c).
3
Let r(w) be the second derivative of w**4/12 + 4*w**3/3 + 5*w**2 - 11*w. Let l be r(-6). List the prime factors of (-66)/(4/l) - -1.
2, 17
Suppose 13*o = 9*o - 1720. List the prime factors of o/(-8) + (-12)/16.
53
Let k(p) = -2*p**2 - 17*p - 21. Let n be k(-7). Suppose 2*x - 3*h - 149 = n, -24 = -2*x - h + 121. List the prime factors of x.
73
Suppose -4*r - 3*r + 1001 = 0. Let z = 147 - r. List the prime factors of z.
2
Let y(h) = -4*h + 19. Let i be (-6)/21 - 178/14. List the prime factors of y(i).
71
Let t be ((-144)/(-30))/((-3)/(-10)). Let w(h) = 0*h + 0*h + h + t. List the prime factors of w(0).
2
Let n(c) = -14*c + 28. Let i be n(2). Suppose 15 = -3*l, i = -2*z + 5*l + 292 + 99. List the prime factors of z.
3, 61
What are the prime factors of 1/(-3) - (-13764)/333?
41
Let q = 1195 - -29. What are the prime factors of q?
2, 3, 17
Let f(i) be the third derivative of i**5/3 + i**4/8 - 7*i**3/6 - 15*i**2. List the prime factors of f(3).
2, 7, 13
Let x(w) = -w**2 - w - 1. Suppose 4*f + 0*r = -r - 4, 0 = 3*r + 12. Let i be x(f). List the prime factors of 1/(-2)*-28 - i.
3, 5
Suppose -5*j + 20 = 0, -2*x + 0*j + 3*j - 152 = 0. Let h = -150 - x. Let p = h + 131. What are the prime factors of p?
3, 17
Let a(x) = x**3 - 2*x**2 - 4*x - 6. Let l be 2/4*2 + -16. Let c = l + 20. What are the prime factors of a(c)?
7
Suppose 0 = 5*h - h - 4*i, 3*i = 2*h + 2. Suppose h = -f, -4*v - v - 4*f + 97 = 0. List the prime factors of v.
3, 7
Let p be 274/(-4)*(-12 + 4). Suppose 18*s = 14*s + p. What are the prime factors of s?
137
Let y be (-4)/5 + (-688)/40. What are the prime factors of (20/(-6) + 0)*y?
2, 3, 5
Suppose 0 = 2*a - 4*a. Let i = 44 - 39. Suppose -i*l + 55 + 0 = a. List the prime factors of l.
11
Suppose -11*x + 12*x - 971 = -5*f, 3*x + 579 = 3*f. Let r be (2 + (-4 - 2))/(-1). Suppose -f - 6 = -r*w. List the prime factors of w.
2, 5
Let t(d) be the first derivative of d**4/4 + d**3 + 5*d**2/2 + 5*d - 4. Let y be t(-4). Let g = y - -57. List the prime factors of g.
2, 13
Let n(m) = -151*m - 21. Let b be n(-3). Let l = 707 - b. What are the prime factors of l?
5, 11
Suppose -4*k = 4*n - 920, -n = -5*k - 118 - 136. Let y = -131 + n. What are the prime factors of y?
103
Let s(m) be the second derivative of m**3/6 + 35*m**2/2 + 2*m. Let r be 6/1*(-92)/69. What are the prime factors of s(r)?
3
Suppose 2132 = 135*u - 131*u. What are the prime factors of u?
13, 41
Suppose -5*m = -12*m - 105. Let d = 12 + m. List the prime factors of (-2 - -25) + d + 4.
2, 3
List the prime factors of (0 + (2 - 26))/(1/(-84)).
2, 3, 7
Let m(s) = s**2 - 53*s + 240. What are the prime factors of m(62)?
2, 3, 7, 19
What are the prime factors of (7*-12)/(14/(-49))?
2, 3, 7
What are the prime factors of (-342)/(-1)*(1 + (-9)/27)?
2, 3, 19
Let q(z) = -2*z**2 - 4*z + 6. Let p be q(2). List the prime factors of 9/(-3) + 177*p/(-15).
5, 23
Let f(v) = v**2 + 10*v + 2. Let a be f(-10). Suppose r - 6*r - 29 = 4*b, 10 = -2*b + a*r. List the prime factors of ((-6)/(-5))/(b/(-285)).
3, 19
Let n = -20 + 25. Suppose -5*o + 4*u - 155 = 0, -5*u = -n*o - 116 - 39. Let v = -8 - o. What are the prime factors of v?
23
Let h be (20*3/(-9))/((-3)/45). Let u = h - -65. What are the prime factors of u?
3, 5, 11
Let z(m) = 35*m**2 + 8*m - 50. What are the prime factors of z(5)?
5, 173
Suppose -t + 335 = -2*c, 4*t - 1022 = 2*c + 294. List the prime factors of t.
3, 109
Let v = -1878 - -3498. What are the prime factors of v?
2, 3, 5
What are the prime factors of -2 + (-17235)/(-11) + 14/77?
5, 313
Let a = -43 - -45. Suppose -108 = -2*s + 2*g, a*g - 141 = -3*s - 2*g. List the prime factors of s.
3, 17
Let r(i) = -i**2 + 8*i - 17. Let k be r(6). What are the prime factors of 795/3 - (k + 1) - -1?
2, 3, 5
Let b = 24 - -2568. What are the prime factors of b?
2, 3
Suppose -5*w = -6*w. Suppose 4*k + 20 = -w*k. List the prime factors of 31 + 3 + k - 3.
2, 13
Let s(v) = -7*v**3 + 6*v**2 + v - 25. List the prime factors of s(-7).
2663
Let d = -496 + 1145. List the prime factors of d.
11, 59
Let t = 119 + -28. List the prime factors of t.
7, 13
Let t be (12/(-10))/((-6)/(-30)). Let o be (-1*t/(-2))/(-1). Suppose -4*q + 228 = -2*v, -o*q + 291 = 2*q - v. List the prime factors of q.
59
Suppose -2*a + 11 = -3*f, -2*a + 15 - 5 = -2*f. Suppose j - a = 5*h, 0 = 3*j + 3*h + 2*h - 72. What are the prime factors of j?
19
Let i(a) = 222*a + 47. What are the prime factors of i(13)?
7, 419
Let o(y) = -y**2 + 8*y + 12. Let r be o(6). Let f = r + 7. What are the prime factors of f?
31
Let f(p) = 1009*p**3 + 5*p**2 + p - 6. Let h(x) = 202*x**3 + x**2 - 1. Let s(w) = -2*f(w) + 11*h(w). What are the prime factors of s(1)?
2, 3, 17
Let u(s) = -86*s + 49. What are the prime factors of u(-8)?
11, 67
Suppose i - k = 922, 4*i = -i - 2*k + 4631. List the prime factors of i.
5, 37
Let u(v) be the third derivative of v**6/120 - 2*v**5/15 + 11*v**4/24 + v**3/3 + 4*v**2. What are the prime factors of u(8)?
2, 3, 5
Suppose -3*a + 6*a = 0. Let p be a - (0 - 4 - -1). Suppose -p*t = -0*t - 213. What are the prime factors of t?
71
Let v(i) be the second derivative of i**3/2 + i**2 + 12*i. List the prime factors of v(15).
47
Let t = 18 - 10. Suppose 2*c = 2*s + 14 + 10, -3*s = -c + t. What are the prime factors of c?
2, 7
Let q = 119 + -337. Let a = 13 - q. List the prime factors of a.
3, 7, 11
Let n = -53 - -36. What are the prime factors of -1*208*n/34?
2, 13
Let a be 3*10 + -2 + 2. Suppose 4*m - a = 54. Suppose -26*u + m*u = -35. List the prime factors of u.
7
Let u(l) = l**3 - l**2 + l. Let p(i) = -7*i**3 + 24*i**2 - 6*i + 15. Let t(g) = p(g) + 6*u(g). What are the prime factors of t(18)?
3, 5
Let n(a) = a**2 + a + 16. Let p be n(-10). Let r = p + -63. List the prime factors of r.
43
Suppose 3*f - 984 = 2*q, -62 - 262 = -f + 2*q. What are the prime factors of f?
2, 3, 5, 11
Let y(f) = -2257 + 11*f**2 + 12*f - 2*f**2 - f**3 + 2254. List the prime factors of y(10).
17
Let u = -10 - -14. Suppose 864 = 4*b + 2*a + 2*a, 4*b + a - 858 = 0. Suppose -u*n + 2*y + b = 7*y, 5*y + 92 = 2*n. List the prime factors of n.
3, 17
List the prime factors of (-1015)/(-3*5/30).
2, 5, 7, 29
Suppose -5*a + 2*u + 204 = 0, 0 = -2*a - 3*u + 30 + 63. Let i = -36 + a. What are the prime factors of i?
2, 3
Let z = 1 - -3. Suppose p = -3*c + z, -2*c + 7*c + p - 10 = 0. Suppose -115 = -x - 4*x - 4*g, 2*x - c*g - 23 = 0. List the prime factors of x.
19
Let z = -169 - -379. Suppose 2*r = -4*u + 208, 4*u + 0*r - z = -3*r. What are the prime factors of u?
3, 17
Let k be (-2)/((-1)/(-12)*3). Let f(u) = u**3 + 10*u**2 + 5*u - 14. What are the prime factors of f(k)?
2, 37
Suppose 0 = -4*l - 3*a + 539, 3*a + 2*a + 426 = 3*l. List the prime factors of l.
137
Let v = -430 + 1037. What are the prime factors of v?
607
Suppose 0 = 2*h - 68 - 48. Let d = 8 + -5. Suppose d*o - o = h. What are the prime factors of o?
29
Suppose -9*a + 666 = -1638. Suppose -4*f + a = 5*u, 4*f = u - 77 + 309. List the prime factors of f.
59
Suppose -5*c + 5489 = -2*f, 30*c - 28*c = 3*f + 2200. What are the prime factors of c?
1097
Suppose -14*o + 27 = -11*o. Suppos